) - 10/15. Suppose -2*n = k - 18. What is the highest common divisor of 28 and n?
7
Let y = 16 + -10. What is the greatest common divisor of y and 18?
6
Let f(k) = 3*k - 20. Let c be f(16). Calculate the greatest common divisor of 42 and c.
14
Suppose 0 = -5*u + u - 64. Let d = 10 + u. Let z be (-186)/(-18) + 2/d. What is the highest common factor of 10 and z?
10
Let a = -4 + 6. Suppose a*u + 5 = 7*u. What is the greatest common factor of u and 7?
1
Let z = 144 - 130. What is the highest common factor of z and 14?
14
Suppose 3*f = -5*t + 12, 2*f - 5*t - 3 - 5 = 0. Suppose 55 + 19 = 3*d + 2*c, -f*c = -3*d + 68. Calculate the greatest common divisor of d and 4.
4
Let j be (-34)/10 + 10/25. Let b(w) = -2*w**3 - 2*w**2 + 4*w + 1. Let z be b(j). Calculate the highest common divisor of 225 and z.
25
Let t(r) be the first derivative of r**3/3 - 9*r**2/2 - 3*r - 3. Let g be t(10). What is the highest common divisor of g and 1?
1
Let g be (-6)/(-9)*(-78)/(-4). Suppose -2*s = s - 4*a + 162, -5*s - 2*a = 270. Let c = -2 - s. What is the highest common factor of g and c?
13
Let o = 35 - 25. Let d be (o/(-6))/(4/12). Let m = d + 13. Calculate the highest common divisor of m and 88.
8
Suppose 3*n + d - 54 = 0, 0*n - d - 18 = -n. What is the highest common factor of 45 and n?
9
Suppose 0 = -2*j + 3*j - 3, 0 = -4*c + 2*j + 10. Suppose -48 = -5*b + 4*h - 8*h, 2*b - 2*h = 30. What is the greatest common factor of c and b?
4
Let a(w) = 4*w - 5. Let f be a(6). What is the highest common factor of 57 and f?
19
Let f be (4/10)/(4 - (-954)/(-240)). Calculate the highest common divisor of 64 and f.
16
Suppose -f + 3*f = 350. Suppose l - f = -4*l. Let w be (-256)/(-18) + 4/(-18). Calculate the highest common factor of w and l.
7
Let g = -69 + 72. Suppose -2*l - 6 = -4*l. What is the greatest common divisor of l and g?
3
Let f = 43 - 28. What is the highest common factor of 75 and f?
15
Suppose 2*i + 2*i - 8 = 0. Let v = -3 - -7. Calculate the greatest common factor of i and v.
2
Let j(m) = m**2 - 3. Let y be j(3). Let a be y/(-4)*(1 + -7). Suppose 81 = -12*l + 15*l. What is the greatest common factor of a and l?
9
Suppose -4*m = 7 - 27. Suppose 0 = -0*p + m*p - 315. Calculate the highest common factor of p and 9.
9
Suppose -4*g + 26 = m, 3*m - 6*g + 2*g = 110. Let u = m + -4. Let y be (1 - (-1 + 0))*10. Calculate the highest common factor of u and y.
10
Let m be (0 - 1*-2) + 28. Let y = -6 + m. Calculate the greatest common factor of 6 and y.
6
Suppose 0 = b + 3*x - 1, -4*b + 3*x + 7 = -12. Suppose f + f - 56 = -2*s, b*s - 4*f = 80. What is the greatest common factor of 24 and s?
24
Let y be 26/(-117) - 146/(-9). What is the greatest common factor of 4 and y?
4
Let d(c) = -c**2 - c + 115. Let h be 0/1*(-1)/2. Let u be d(h). Calculate the greatest common divisor of 46 and u.
23
Suppose -78 = -3*j - 3*j. Calculate the greatest common factor of j and 169.
13
Let i(u) = -u**3 - 5*u**2 - 9*u - 4. Let b be i(-4). Calculate the greatest common divisor of b and 24.
8
Let q = 105 - 35. Calculate the highest common factor of q and 10.
10
Suppose -4 = 4*k - 2*k. Let s be 0*(3 + (k - 0)). Suppose 2*b + b + 3*u - 27 = s, 0 = 2*b - u - 18. What is the highest common factor of 9 and b?
9
Let l = 6 + 0. Suppose 5*v - 4*z = -0*z + 592, 0 = 3*z - l. Suppose -3*s + 5*s - v = 0. What is the greatest common divisor of s and 24?
12
Let a be (-3 - 0)*5/(15/(-154)). Calculate the greatest common divisor of 14 and a.
14
Let z be (84/12)/(1/11). Suppose -4*a + 5*u + 29 = 0, 2*u = -0*a - 2*a + 28. Calculate the highest common factor of a and z.
11
Suppose -2 = w - 5. Suppose -60 = -w*g - g. Suppose -n = -3*n + 10. Calculate the highest common divisor of n and g.
5
Let w be (-300)/(-7) - 1/(-7). Suppose 3*h = 5 + w. Calculate the greatest common factor of 4 and h.
4
Let f be 1 + -18*35/(-10). Calculate the greatest common divisor of f and 8.
8
Let v be 11 - 4/(-10)*-5. Let z = 28 - 1. Calculate the greatest common factor of v and z.
9
Suppose 25 = -5*t, -t = -5*i - 6*t + 35. Suppose -6*f + i = -3*f. Calculate the highest common divisor of f and 12.
4
Suppose 35 = 3*x - 2*y + 8, 0 = 2*x + 5*y + 1. Calculate the greatest common divisor of 7 and x.
7
Let w(i) = -i + 9. Let v be w(6). Calculate the greatest common factor of 3 and v.
3
Let f = 6 - 4. Suppose r = q, 0 = 4*r - q - 10 - 5. Suppose -70 = -5*d + r*g, -f*g + 50 + 55 = 5*d. Calculate the highest common factor of 190 and d.
19
Let h be (2/(-4))/(8/(-80)). Suppose -4*c - 12 = -4*x, x + 17 = 4*x - h*c. Let b be 3*(x + -3)*-1. What is the greatest common factor of 60 and b?
12
Let m be 262/14 + (-12)/(-42). Suppose 21 + m = 4*s. What is the highest common factor of 10 and s?
10
Let l(w) = 23*w**3 - w + 1. Let q be l(1). Let x = 42 - q. What is the greatest common factor of 38 and x?
19
Suppose 3*o = 2*o - 4*p + 108, 5*o + 5*p - 495 = 0. Let m = 14 + -2. Calculate the highest common factor of m and o.
12
Suppose 4*k = 2*q + 66, k + 0*q + 3*q = 20. Let r = 4 + k. Let v(y) = 2*y**2 - 3*y + 1. Let s be v(2). What is the greatest common factor of s and r?
3
Suppose -z - 3 + 93 = 2*c, -5*z + 3*c + 463 = 0. What is the greatest common divisor of z and 23?
23
Suppose -60 = -9*a + 5*a. Suppose 11*h - 5*h = 90. Calculate the greatest common factor of h and a.
15
Let t be (178/(-26) + (-30)/195)*-28. Calculate the highest common factor of 28 and t.
28
Let a = -5 - -7. Suppose -n + 0 = -a*o + 3, o + 6 = -2*n. Suppose 32 = 4*h - o*h. What is the highest common factor of 64 and h?
8
Let f = 14 - -4. Let r(s) = 4*s - 7. Let m be r(3). Let a be m/2 - (-3)/6. What is the greatest common divisor of a and f?
3
Let n(a) = -a**2 + 3*a + 4. Let r be n(4). Suppose z + 0*z - 90 = r. Calculate the highest common factor of z and 10.
10
Let x be -2*1*(-66)/4. Let h(t) = 3*t**2 - 4 + 0*t - 2*t**2 + 0*t**2 + 2*t. Let b be h(3). Calculate the greatest common divisor of b and x.
11
Let q(j) = 2*j + j + 0*j + 0 - 1. Suppose k = 4*k - 15. Let m be q(k). Calculate the highest common divisor of 84 and m.
14
Let g = 158 + -63. What is the highest common divisor of g and 5?
5
Let z(l) = 5*l**2 - 4*l - 4. Let o be z(-1). Calculate the greatest common factor of o and 10.
5
Let w(y) = -54*y - 6. Let p be w(-1). What is the greatest common divisor of 12 and p?
12
Suppose 121 = 4*d - 5*u, 4*d - 106 = u + u. What is the greatest common divisor of 108 and d?
12
Let u(a) be the third derivative of a**5/60 + a**4/4 - a**3/2 - 2*a**2. Let k be u(-5). Let o = k - -40. What is the highest common factor of o and 4?
4
Let z(c) = -c**3 - 5*c**2 - c + 7. Suppose 3*l - 3*b - 21 = 6*l, 0 = -2*b - 4. Let v be z(l). Calculate the greatest common factor of 132 and v.
12
Let a = -34 + 84. What is the highest common factor of a and 10?
10
Let z = 28 - 14. Suppose 0 = 17*u - 16*u - 42. What is the highest common factor of z and u?
14
Let y = 89 - -21. Calculate the greatest common divisor of 10 and y.
10
Suppose -783 = -d - 3*d + f, f - 197 = -d. What is the greatest common divisor of d and 49?
49
Suppose h - 94 = -o - 0, -3*o + 294 = -3*h. Calculate the greatest common factor of 12 and o.
12
Let c = -7 - -11. Suppose 3*f + 6 = 4*v, v + 0*v + 5 = c*f. Calculate the highest common factor of v and 27.
3
Let l(w) = w**3 + w**2 + 4. Let q be l(0). Let m be q/(-14) - 632/(-7). Suppose 3*x + m = 4*x. What is the highest common divisor of x and 15?
15
Let o be ((0 - 2)*1)/(-2). Let c = 5 - 4. What is the greatest common factor of o and c?
1
Suppose -14*k + 200 = 18. Suppose 162 = l + 19. Calculate the highest common factor of k and l.
13
Let h be -6*(-7)/(42/4). Calculate the highest common divisor of 10 and h.
2
Suppose -2*z = -5*z - 15. Let y = z - -11. Let h be 6/15 - (-146)/10. Calculate the greatest common factor of y and h.
3
Suppose 0 = -3*t - 0 - 9, 0 = -4*f + t + 203. What is the greatest common divisor of f and 25?
25
Let h = 35 - 34. Calculate the greatest common divisor of h and 2.
1
Suppose 5*b - 480 = 290. Suppose -5*m + 66 + 14 = 5*o, -2*m = -5*o - 18. What is the greatest common divisor of b and m?
14
Let t(k) = 5*k - 3. Let j be t(5). Let o = -126 - -128. Calculate the highest common divisor of j and o.
2
Let j be (-2)/(-2 - (-12)/9). Calculate the greatest common factor of j and 12.
3
Let